emainder when w is divided by 25?
22
Let t(i) = -i**3 + 6*i + 3. Suppose o = f - 5*f + 48, -3*o + f = -92. What is the remainder when o is divided by t(-3)?
8
What is the remainder when 6/(-24) - 954/(-8) is divided by 16?
7
Calculate the remainder when 948 is divided by 6/78 - 17276/(-182).
93
Let w(k) = -3*k**2 - 3*k - 7. Let s be w(7). Let n = s - -284. Calculate the remainder when n is divided by 28.
25
Suppose -378*l = -385*l + 1456. Calculate the remainder when l is divided by 42.
40
Suppose 46*v - 49*v + 1536 = 0. What is the remainder when v is divided by 43?
39
Suppose 0*j + x - 90 = j, 5*j = 3*x - 454. Let k = j + 103. Suppose 5*a - 4*i - 3 = 0, a + i = 2*a. Calculate the remainder when k is divided by a.
2
Let y(k) = k**2 + k - 5. Calculate the remainder when 52/3 + ((-62)/6 - -10) is divided by y(-4).
3
Suppose -5*d = 4*f - 50, d - 1 = 2*d + 3*f. Suppose -263 = -5*k + 4*c, -k - 25 = -c - 78. What is the remainder when k is divided by d?
9
Suppose f - 182 = -2*q, 40*q - 35*q = -5*f + 450. What is the remainder when q is divided by 20?
12
Let g = -352 - -600. Calculate the remainder when g is divided by 43.
33
Suppose -3*j = -2*l + 84, l + 2*j - 31 = -2*j. Let x(u) = 3*u - 5. What is the remainder when l is divided by x(7)?
7
Calculate the remainder when 53 is divided by (-9)/(-1*2/(-6)*-3).
8
Let k(u) = -3*u + 18. Let i be k(6). Suppose -4*c = -2*n - i*c + 26, -9 = 2*n + 3*c. Calculate the remainder when 52 is divided by 2*(-27)/(-6)*n.
25
Suppose -r - 1 = -4. Let b(y) = 8*y**2 + 1. Let t = 189 + -164. What is the remainder when b(r) is divided by t?
23
Suppose 35*n - 25*n = -10. Let v(s) = -1 + 0 - 1 - 16*s. Calculate the remainder when v(n) is divided by 6.
2
Suppose -l + 207 - 79 = 0. Calculate the remainder when l is divided by 66.
62
Suppose 44*k - 88*k = -20504. What is the remainder when k is divided by 26?
24
Let g(r) = 2*r + 58. Let d be (-2)/(-1) - (-1 - 0). Suppose 0 = i + 1, -d*p - 2*i + 16 = 3. Calculate the remainder when g(-21) is divided by p.
1
Let h = -6 + 19. Suppose -5*q - 160 = -h*q. What is the remainder when q is divided by 7?
6
Let s = 1329 - 1292. What is the remainder when 175 is divided by s?
27
Let c(z) = -z**2 + 44*z - 100. Calculate the remainder when c(37) is divided by 41.
36
Let u(j) = 2*j**3 - 11*j**2 + 15*j - 18. What is the remainder when u(6) is divided by 10?
8
Suppose -1 = -k + 2. Suppose k*d = 8*d - 35. Let x = 59 + -47. What is the remainder when x is divided by d?
5
Let r(u) be the second derivative of -5*u**3/6 + 43*u**2/2 + 7*u - 2. What is the remainder when 46 is divided by r(6)?
7
Let q = -1297 + 1350. Calculate the remainder when 174 is divided by q.
15
Let d = 13 - 1. Let t = -51 - -76. Suppose l - 4*a + 7 = 0, 0*l + 5*a - t = -2*l. Calculate the remainder when d is divided by l.
2
Let w = -21 + 23. Let o be (w/2)/((-6)/(-18)). Suppose 0 = 5*c + 2*g - 75, o*g = -4*c - 4 + 57. What is the remainder when c is divided by 5?
2
Let t = -496 - -587. What is the remainder when t is divided by 43?
5
Suppose 3*c - 2*c - 166 = 5*l, l = -4*c - 50. Let g = l - -76. What is the remainder when g is divided by 22?
20
Let o be (2/(-4))/(2/(-20)). Suppose -3*i - 74 = -4*m - o, 2*i + 6 = 0. What is the remainder when 52 is divided by m?
7
Let z(w) = -w**2 + 103*w + 20 - 3*w**2 - 118*w + w**3 + 3. What is the remainder when 23 is divided by z(6)?
3
Let k = 31 - 23. Suppose s + 4 = k. Suppose 28 = 2*n + 2. What is the remainder when n is divided by s?
1
Let s(n) = n**2 + 15 + 0 + 3*n - 5*n - 4. Suppose -7*y - 5 = -3*y - p, 0 = y - 2*p + 10. What is the remainder when s(y) is divided by 4?
3
Let c(s) = 2*s + 17. Let n(j) = 4*j + 21. Let k be n(-7). Calculate the remainder when 4 is divided by c(k).
1
Suppose 0 = -21*j + 797 + 652. What is the remainder when j is divided by 35?
34
Suppose 319 = 14*m - 1235. Suppose -4*h + 3*w + 162 = 5*w, 0 = -h - 4*w + 58. What is the remainder when m is divided by h?
35
Suppose -5*h = -z - 405, -4*h = 4*z - 493 + 169. Calculate the remainder when h is divided by 39.
3
Let j(o) = o**3 - 5*o**2 - 4*o + 9. Suppose t - 4*t = 15. What is the remainder when (4/t)/((-4)/310) is divided by j(6)?
20
Let u be 3 + -1 + 0/(-2). Suppose w - 60 = -u*w. Calculate the remainder when 78 is divided by w.
18
Let w be ((-4)/(-6))/((-8)/(-108)). Let s(m) = w*m**2 - m**3 + 8*m + 8 + 0*m**3 - 3*m - 12*m. What is the remainder when 46 is divided by s(8)?
14
Calculate the remainder when 3/(7/(-14) + 29/52) is divided by 16.
4
Let h = 1683 - 1614. Calculate the remainder when 77 is divided by h.
8
Calculate the remainder when 43 is divided by (-10)/((-60)/234) + -8.
12
Suppose 21*j - 4*j = 799. What is the remainder when j is divided by 17?
13
Let s = -49 + 49. What is the remainder when 4/(-7 - -5) + 136 + s is divided by 34?
32
Suppose -62*p = -15*p - 376. Calculate the remainder when 26 is divided by p.
2
Suppose 4 = 2*y + d, 4*y - 18 - 2 = -5*d. Suppose y = -m - 4*m + 45. Suppose 16*x = 11*x + 10, 2*x = -3*u + 49. Calculate the remainder when u is divided by m.
6
Let f = -47710 + 47724. Let y = -79 - -139. What is the remainder when y is divided by f?
4
Let x(d) = d**3 + 6*d**2 - 8*d + 1. Suppose 3*y + 4 = 13. Suppose -36 = y*b - 15. What is the remainder when 22 is divided by x(b)?
6
Suppose 3*t + 40 = -2*t. Let g(a) = a**2 + 4*a - 7. Calculate the remainder when 97 is divided by g(t).
22
Let s(i) = i**2 - 27*i + 10. Suppose -3*p = 4*b - 210, 3*p + 6 = -0. Suppose 4*c - b = 2*c. Calculate the remainder when c is divided by s(27).
7
Let u = -308 + 326. Calculate the remainder when u is divided by ((-30)/2)/(-3)*1.
3
Let q(t) = t**3 - 16*t**2 - 10*t + 25. What is the remainder when q(17) is divided by 25?
19
Calculate the remainder when 43 is divided by (100/80)/(6/16)*3.
3
Let a(i) = 23 + 13*i - i**2 - 26 - 10. What is the remainder when a(10) is divided by 5?
2
Let g(t) = t**2 + 6*t + 6. Let z be g(-6). Suppose 3*n + 3*o = -z, -o - 18 = -n + 3*o. Calculate the remainder when 18 is divided by 21*((-5)/3 + n).
4
Let i(s) = -s**3 - 6*s**2 - 3*s - 6. Let k = 8 - 14. Calculate the remainder when i(k) is divided by 3.
0
Suppose -41 - 817 = -13*x. Let h = x - 56. Calculate the remainder when 48 is divided by h.
8
Calculate the remainder when ((-108)/(-15))/((-10)/(-175)) is divided by 28.
14
Let f be (-4 + 5)/(2/26). Let l = -11 + f. Let p(y) = 2*y**2 + 3*y - 4. What is the remainder when 19 is divided by p(l)?
9
Let u(z) = 15*z**2 - 11*z + 4. Let v(p) = -6*p + 4. Calculate the remainder when u(2) is divided by v(-3).
20
Suppose 2*a - j = 67, 0 = -4*a + 8*a - 3*j - 135. Calculate the remainder when 91 is divided by a.
25
Let h be (-4 - (1 - 1)) + (16 - 8). What is the remainder when h/8 + -1 - 141/(-2) is divided by 19?
13
Suppose -5*t + f + 188 = 2*f, 0 = -5*t - 5*f + 180. Calculate the remainder when 73 is divided by t.
35
Let g = 45 - 43. Suppose 5*z + 4*x = g*z + 104, 3*x = -2*z + 68. What is the remainder when 118 is divided by z?
38
Suppose -c + 5*q + 57 + 0 = 0, -4*q = 3*c - 76. What is the remainder when 220 is divided by c?
28
Let o be (-2)/(-8)*6*(-1 - -3). Suppose 0*b + o*b = 30. What is the remainder when 27 is divided by b?
7
Suppose 5*d = 1 - 11. Calculate the remainder when 34 + (3 - 2) + d is divided by 9.
6
Let u(a) = 4*a - 29. What is the remainder when u(14) is divided by (-3)/(-7) - (-804)/84?
7
Let a be 9/(-12) - 2005/20. Let g = 107 + a. Calculate the remainder when 45 is divided by g.
3
Let r = -150 - -198. Calculate the remainder when 159 is divided by r.
15
Suppose -5*r = -j + 49, -2*j = -3*j + 4*r + 49. What is the remainder when 488 is divided by j?
47
Let t(l) = l**2 + 6*l - 1. Let v be t(-6). Let n(h) = -8*h + 89 + 82 - 172. What is the remainder when 32 is divided by n(v)?
4
Suppose 5*i = -50 + 120. Let v(c) = 9*c**2 + 1. Let s be v(-1). Calculate the remainder when (54/10)/(2/s) is divided by i.
13
Let g(j) = 17*j - 45. Let x(r) = -r**2 + 10*r - 16. Let o be x(7). Let t(d) = -2*d + 1. Calculate the remainder when g(o) is divided by t(-3).
5
Suppose -10*c + 133 = -3*c. Let o(s) = s**2 + 3*s + 1. Suppose -4*w + 2*w = -4*y, 0 = -2*w - 3*y + 21. What is the remainder when o(w) is divided by c?
17
Suppose -k + 1 = -15. Let x(a) = -3*a**2 + 2*a + 4. Let r be x(3). Let 